{"id":1492,"date":"2025-12-04T17:41:47","date_gmt":"2025-12-04T14:41:47","guid":{"rendered":"https:\/\/kulupler.atauni.edu.tr\/muhendislik-kariyer-kulubu\/?page_id=1492"},"modified":"2025-12-14T00:13:53","modified_gmt":"2025-12-13T21:13:53","slug":"hakkmizda","status":"publish","type":"page","link":"https:\/\/kulupler.atauni.edu.tr\/muhendislik-kariyer-kulubu\/hakkmizda\/","title":{"rendered":"Hakk\u0131m\u0131zda"},"content":{"rendered":"\t\t<div data-elementor-type=\"wp-page\" data-elementor-id=\"1492\" class=\"elementor elementor-1492\" data-elementor-post-type=\"page\">\n\t\t\t\t\t\t<section class=\"elementor-section elementor-top-section elementor-element elementor-element-63690ff elementor-section-boxed elementor-section-height-default elementor-section-height-default\" data-id=\"63690ff\" data-element_type=\"section\">\n\t\t\t\t\t\t<div class=\"elementor-container elementor-column-gap-default\">\n\t\t\t\t\t<div class=\"elementor-column elementor-col-100 elementor-top-column elementor-element elementor-element-751f14d\" data-id=\"751f14d\" data-element_type=\"column\">\n\t\t\t<div class=\"elementor-widget-wrap elementor-element-populated\">\n\t\t\t\t\t\t<div class=\"elementor-element elementor-element-bd9d0bc elementor-widget elementor-widget-html\" data-id=\"bd9d0bc\" data-element_type=\"widget\" data-widget_type=\"html.default\">\n\t\t\t\t<div class=\"elementor-widget-container\">\n\t\t\t\t\t<div class=\"mkc-section\">\r\n  <div class=\"mkc-inner\">\r\n    <div class=\"mkc-badge\">\r\n      NEDEN M\u00dcHEND\u0130SL\u0130K KAR\u0130YER KUL\u00dcB\u00dc?\r\n    <\/div>\r\n\r\n    <h2 class=\"mkc-title\">\r\n      M\u00fchendislik Kariyer Kul\u00fcb\u00fc ile gelece\u011fini bug\u00fcnden tasarla.\r\n    <\/h2>\r\n\r\n    <p class=\"mkc-text\">\r\n      <strong>M\u00fchendislik Kariyer Kul\u00fcb\u00fc (Kul\u00fcp Kariyer)<\/strong>, m\u00fchendislik \u00f6\u011frencilerinin\r\n      mesleki ve ki\u015fisel geli\u015fimlerini destekleyen, \u00fcniversite\u2013sanayi i\u015f birli\u011fini g\u00fc\u00e7lendiren \r\n      ve sosyal sorumluluk bilincini \u00f6ne \u00e7\u0131karan bir topluluktur.\r\n    <\/p>\r\n\r\n    <p class=\"mkc-text\">\r\n      <strong>Ki\u015fisel Geli\u015fim ve E\u011fitim<\/strong> etkinlikleriyle ileti\u015fim, liderlik ve tak\u0131m \u00e7al\u0131\u015fmas\u0131 \r\n      becerilerini g\u00fc\u00e7lendiriyoruz. <strong>\u0130\u015f ve Staj \u0130mk\u00e2nlar\u0131<\/strong> sa\u011flayan kurumlarla ba\u011flant\u0131lar \r\n      kurarak \u00fcyelerimizin sekt\u00f6re haz\u0131rl\u0131k s\u00fcrecine katk\u0131 sa\u011fl\u0131yoruz.\r\n    <\/p>\r\n\r\n    <p class=\"mkc-text\">\r\n      Ayr\u0131ca <strong>Ar-Ge \u00e7al\u0131\u015fmalar\u0131<\/strong> ve <strong>toplumsal duyarl\u0131l\u0131k projeleri<\/strong> ile \r\n      \u00f6\u011frencilerin hem \u00fcretken hem de sorumlu bireyler olarak yeti\u015fmelerini hedefliyoruz. \r\n      \u00dcniversitemizin sosyal projesi olan <strong>Giy&amp;\u00c7\u0131k Ma\u011fazas\u0131<\/strong> ile ortak \u00e7al\u0131\u015fmalar y\u00fcr\u00fct\u00fcyor ve vizyonumuz \r\n      <strong>Metalhane Vizyon Dergi<\/strong> arac\u0131l\u0131\u011f\u0131yla kazan\u0131mlar\u0131m\u0131z\u0131 g\u00f6r\u00fcn\u00fcr k\u0131l\u0131yoruz.\r\n    <\/p>\r\n    \r\n    <p class=\"mkc-text\">\r\n      T\u00fcm bu \u00e7al\u0131\u015fmalar\u0131 rastgele de\u011fil; <br> Kul\u00fcp Kariyer taraf\u0131ndan tasarlanan <strong> Kariyer Atlas\u0131 Modeli<\/strong> ile planl\u0131 ve s\u00fcrd\u00fcr\u00fclebilir bir yol haritas\u0131 do\u011frultusunda y\u00fcr\u00fct\u00fcyoruz.\r\n    <\/p>\r\n\r\n    <p class=\"mkc-highlight\">\r\n      Bizimle birlikte gelece\u011fini bug\u00fcnden \u015fekillendirmek istersen, seni de aram\u0131za bekliyoruz.\r\n    <\/p>\r\n\r\n    <div class=\"mkc-links\">\r\n      <a href=\"https:\/\/obs.atauni.edu.tr\" class=\"mkc-btn mkc-btn-primary\" target=\"_blank\" rel=\"noopener\">\r\n        OBS \u00fczerinden Kul\u00fcb\u00fcm\u00fcze Kat\u0131l\r\n      <\/a>\r\n\r\n      <a href=\"https:\/\/kulupler.atauni.edu.tr\/muhendislik-kariyer-kulubu\/kulup-uyelerimiz\/\" class=\"mkc-btn mkc-btn-ghost\">\r\n        Kul\u00fcp \u00dcyelerimiz\r\n      <\/a>\r\n\r\n      <a href=\"https:\/\/kulupler.atauni.edu.tr\/muhendislik-kariyer-kulubu\/kulup-tuzugumuz\/\" class=\"mkc-btn mkc-btn-ghost\">\r\n        Kul\u00fcp T\u00fcz\u00fc\u011f\u00fcm\u00fcz\r\n      <\/a>\r\n      \r\n      <a href=\"https:\/\/kulupler.atauni.edu.tr\/muhendislik-kariyer-kulubu\/kariyer-atlasi\/\" class=\"mkc-btn mkc-btn-ghost\">\r\n        Kariyer  Atlas\u0131 Modeli\r\n      <\/a>\r\n    <\/div>\r\n\r\n \r\n  <\/div>\r\n<\/div>\r\n\t\t\t\t<\/div>\n\t\t\t\t<\/div>\n\t\t\t\t\t<\/div>\n\t\t<\/div>\n\t\t\t\t\t<\/div>\n\t\t<\/section>\n\t\t\t\t<\/div>\n\t\t","protected":false},"excerpt":{"rendered":"<p>NEDEN M\u00dcHEND\u0130SL\u0130K KAR\u0130YER KUL\u00dcB\u00dc? M\u00fchendislik Kariyer Kul\u00fcb\u00fc ile gelece\u011fini bug\u00fcnden tasarla. M\u00fchendislik Kariyer Kul\u00fcb\u00fc (Kul\u00fcp Kariyer), m\u00fchendislik \u00f6\u011frencilerinin mesleki ve ki\u015fisel geli\u015fimlerini destekleyen, \u00fcniversite\u2013sanayi i\u015f birli\u011fini g\u00fc\u00e7lendiren ve sosyal sorumluluk bilincini \u00f6ne \u00e7\u0131karan bir topluluktur. Ki\u015fisel Geli\u015fim ve E\u011fitim etkinlikleriyle ileti\u015fim, liderlik ve tak\u0131m \u00e7al\u0131\u015fmas\u0131 becerilerini g\u00fc\u00e7lendiriyoruz. \u0130\u015f ve Staj \u0130mk\u00e2nlar\u0131 sa\u011flayan kurumlarla ba\u011flant\u0131lar kurarak [&hellip;]<\/p>\n","protected":false},"author":3,"featured_media":0,"parent":0,"menu_order":0,"comment_status":"closed","ping_status":"closed","template":"","meta":{"inline_featured_image":false,"footnotes":""},"class_list":["post-1492","page","type-page","status-publish","hentry"],"_links":{"self":[{"href":"https:\/\/kulupler.atauni.edu.tr\/muhendislik-kariyer-kulubu\/wp-json\/wp\/v2\/pages\/1492","targetHints":{"allow":["GET"]}}],"collection":[{"href":"https:\/\/kulupler.atauni.edu.tr\/muhendislik-kariyer-kulubu\/wp-json\/wp\/v2\/pages"}],"about":[{"href":"https:\/\/kulupler.atauni.edu.tr\/muhendislik-kariyer-kulubu\/wp-json\/wp\/v2\/types\/page"}],"author":[{"embeddable":true,"href":"https:\/\/kulupler.atauni.edu.tr\/muhendislik-kariyer-kulubu\/wp-json\/wp\/v2\/users\/3"}],"replies":[{"embeddable":true,"href":"https:\/\/kulupler.atauni.edu.tr\/muhendislik-kariyer-kulubu\/wp-json\/wp\/v2\/comments?post=1492"}],"version-history":[{"count":44,"href":"https:\/\/kulupler.atauni.edu.tr\/muhendislik-kariyer-kulubu\/wp-json\/wp\/v2\/pages\/1492\/revisions"}],"predecessor-version":[{"id":2047,"href":"https:\/\/kulupler.atauni.edu.tr\/muhendislik-kariyer-kulubu\/wp-json\/wp\/v2\/pages\/1492\/revisions\/2047"}],"wp:attachment":[{"href":"https:\/\/kulupler.atauni.edu.tr\/muhendislik-kariyer-kulubu\/wp-json\/wp\/v2\/media?parent=1492"}],"curies":[{"name":"wp","href":"https:\/\/api.w.org\/{rel}","templated":true}]}}