{"id":2120,"date":"2025-12-15T20:34:53","date_gmt":"2025-12-15T17:34:53","guid":{"rendered":"https:\/\/kulupler.atauni.edu.tr\/muhendislik-kariyer-kulubu\/?page_id=2120"},"modified":"2026-02-26T22:16:55","modified_gmt":"2026-02-26T19:16:55","slug":"dijital-hizmet-noktasi","status":"publish","type":"page","link":"https:\/\/kulupler.atauni.edu.tr\/muhendislik-kariyer-kulubu\/dijital-hizmet-noktasi\/","title":{"rendered":"Dijital Hizmet Noktas\u0131"},"content":{"rendered":"\t\t<div data-elementor-type=\"wp-page\" data-elementor-id=\"2120\" class=\"elementor elementor-2120\" data-elementor-post-type=\"page\">\n\t\t\t\t\t\t<section class=\"elementor-section elementor-top-section elementor-element elementor-element-d6f7076 elementor-section-boxed elementor-section-height-default elementor-section-height-default\" data-id=\"d6f7076\" data-element_type=\"section\">\n\t\t\t\t\t\t<div class=\"elementor-container elementor-column-gap-default\">\n\t\t\t\t\t<div class=\"elementor-column elementor-col-50 elementor-top-column elementor-element elementor-element-98331aa\" data-id=\"98331aa\" data-element_type=\"column\">\n\t\t\t<div class=\"elementor-widget-wrap\">\n\t\t\t\t\t\t\t<\/div>\n\t\t<\/div>\n\t\t\t\t<div class=\"elementor-column elementor-col-50 elementor-top-column elementor-element elementor-element-fcc05fd\" data-id=\"fcc05fd\" data-element_type=\"column\">\n\t\t\t<div class=\"elementor-widget-wrap\">\n\t\t\t\t\t\t\t<\/div>\n\t\t<\/div>\n\t\t\t\t\t<\/div>\n\t\t<\/section>\n\t\t\t\t<section class=\"elementor-section elementor-top-section elementor-element elementor-element-6bfba68 elementor-section-boxed elementor-section-height-default elementor-section-height-default\" data-id=\"6bfba68\" data-element_type=\"section\">\n\t\t\t\t\t\t<div class=\"elementor-container elementor-column-gap-default\">\n\t\t\t\t\t<div class=\"elementor-column elementor-col-33 elementor-top-column elementor-element elementor-element-d035243\" data-id=\"d035243\" data-element_type=\"column\">\n\t\t\t<div class=\"elementor-widget-wrap elementor-element-populated\">\n\t\t\t\t\t\t<div class=\"elementor-element elementor-element-f23755e elementor-widget elementor-widget-html\" data-id=\"f23755e\" data-element_type=\"widget\" data-widget_type=\"html.default\">\n\t\t\t\t<div class=\"elementor-widget-container\">\n\t\t\t\t\t<div class=\"usp-mini-wrap\">\r\n  <a href=\"https:\/\/kariyerkapisi.gov.tr\/isealim\" target=\"_blank\" rel=\"noopener noreferrer\" class=\"usp-mini-card\">\r\n\r\n    <div class=\"usp-mini-frame\">\r\n      <img decoding=\"async\" src=\"https:\/\/kulupler.atauni.edu.tr\/muhendislik-kariyer-kulubu\/wp-content\/uploads\/sites\/178\/2025\/12\/Kariyer-Kapisi.png\" alt=\"\u0130\u015fe Al\u0131m\" loading=\"lazy\" \/>\r\n    <\/div>\r\n\r\n    <div class=\"usp-mini-caption\">\u0130\u015fe al\u0131m sayfas\u0131\r\n     <span>Resmi siteye git \u2192<\/span>\r\n     \r\n    <\/div>\r\n\r\n  <\/a>\r\n<\/div>\r\n\t\t\t\t<\/div>\n\t\t\t\t<\/div>\n\t\t\t\t\t<\/div>\n\t\t<\/div>\n\t\t\t\t<div class=\"elementor-column elementor-col-33 elementor-top-column elementor-element elementor-element-957cbd6\" data-id=\"957cbd6\" data-element_type=\"column\">\n\t\t\t<div class=\"elementor-widget-wrap elementor-element-populated\">\n\t\t\t\t\t\t<div class=\"elementor-element elementor-element-2509a94 elementor-widget elementor-widget-html\" data-id=\"2509a94\" data-element_type=\"widget\" data-widget_type=\"html.default\">\n\t\t\t\t<div class=\"elementor-widget-container\">\n\t\t\t\t\t<div class=\"usp-mini-wrap\">\r\n  <a href=\"https:\/\/www.yetenekkapisi.org\/\" target=\"_blank\" rel=\"noopener noreferrer\" class=\"usp-mini-card\">\r\n\r\n    <div class=\"usp-mini-frame\">\r\n      <img decoding=\"async\" src=\"https:\/\/kulupler.atauni.edu.tr\/muhendislik-kariyer-kulubu\/wp-content\/uploads\/sites\/178\/2025\/12\/Yetenek-Kapisi.png\" alt=\"Yetenek Kap\u0131s\u0131\" loading=\"lazy\" \/>\r\n    <\/div>\r\n\r\n    <div class=\"usp-mini-caption\">Yetenek Kap\u0131s\u0131<span>Resmi siteye git \u2192<\/span>\r\n    <\/div>\r\n\r\n  <\/a>\r\n<\/div>\t\t\t\t<\/div>\n\t\t\t\t<\/div>\n\t\t\t\t\t<\/div>\n\t\t<\/div>\n\t\t\t\t<div class=\"elementor-column elementor-col-33 elementor-top-column elementor-element elementor-element-9e5ba59\" data-id=\"9e5ba59\" data-element_type=\"column\">\n\t\t\t<div class=\"elementor-widget-wrap elementor-element-populated\">\n\t\t\t\t\t\t<div class=\"elementor-element elementor-element-9f0a013 elementor-widget elementor-widget-html\" data-id=\"9f0a013\" data-element_type=\"widget\" data-widget_type=\"html.default\">\n\t\t\t\t<div class=\"elementor-widget-container\">\n\t\t\t\t\t<div class=\"usp-mini-wrap\">\r\n  <a href=\"https:\/\/dabis.iskur.gov.tr\/\" target=\"_blank\" rel=\"noopener noreferrer\" class=\"usp-mini-card\">\r\n\r\n    <div class=\"usp-mini-frame\">\r\n      <img decoding=\"async\" src=\"https:\/\/kulupler.atauni.edu.tr\/muhendislik-kariyer-kulubu\/wp-content\/uploads\/sites\/178\/2025\/12\/Dabis.png\" alt=\"Dan\u0131\u015fman Bilgi Sistemi\" loading=\"lazy\" \/>\r\n    <\/div>\r\n\r\n    <div class=\"usp-mini-caption\">Dan\u0131\u015fman Bilgi Sistemi<span>Resmi siteye git \u2192<\/span>\r\n    <\/div>\r\n\r\n  <\/a>\r\n<\/div>\r\n\t\t\t\t<\/div>\n\t\t\t\t<\/div>\n\t\t\t\t\t<\/div>\n\t\t<\/div>\n\t\t\t\t\t<\/div>\n\t\t<\/section>\n\t\t\t\t<\/div>\n\t\t","protected":false},"excerpt":{"rendered":"<p>\u0130\u015fe al\u0131m sayfas\u0131 Resmi siteye git \u2192 Yetenek Kap\u0131s\u0131Resmi siteye git \u2192 Dan\u0131\u015fman Bilgi SistemiResmi siteye git \u2192<\/p>\n","protected":false},"author":3,"featured_media":0,"parent":0,"menu_order":0,"comment_status":"closed","ping_status":"closed","template":"","meta":{"inline_featured_image":false,"footnotes":""},"class_list":["post-2120","page","type-page","status-publish","hentry"],"_links":{"self":[{"href":"https:\/\/kulupler.atauni.edu.tr\/muhendislik-kariyer-kulubu\/wp-json\/wp\/v2\/pages\/2120","targetHints":{"allow":["GET"]}}],"collection":[{"href":"https:\/\/kulupler.atauni.edu.tr\/muhendislik-kariyer-kulubu\/wp-json\/wp\/v2\/pages"}],"about":[{"href":"https:\/\/kulupler.atauni.edu.tr\/muhendislik-kariyer-kulubu\/wp-json\/wp\/v2\/types\/page"}],"author":[{"embeddable":true,"href":"https:\/\/kulupler.atauni.edu.tr\/muhendislik-kariyer-kulubu\/wp-json\/wp\/v2\/users\/3"}],"replies":[{"embeddable":true,"href":"https:\/\/kulupler.atauni.edu.tr\/muhendislik-kariyer-kulubu\/wp-json\/wp\/v2\/comments?post=2120"}],"version-history":[{"count":126,"href":"https:\/\/kulupler.atauni.edu.tr\/muhendislik-kariyer-kulubu\/wp-json\/wp\/v2\/pages\/2120\/revisions"}],"predecessor-version":[{"id":2606,"href":"https:\/\/kulupler.atauni.edu.tr\/muhendislik-kariyer-kulubu\/wp-json\/wp\/v2\/pages\/2120\/revisions\/2606"}],"wp:attachment":[{"href":"https:\/\/kulupler.atauni.edu.tr\/muhendislik-kariyer-kulubu\/wp-json\/wp\/v2\/media?parent=2120"}],"curies":[{"name":"wp","href":"https:\/\/api.w.org\/{rel}","templated":true}]}}